{"id":10,"date":"2016-09-11T18:13:58","date_gmt":"2016-09-11T17:13:58","guid":{"rendered":"http:\/\/cvf-volleyball.fr\/?page_id=10"},"modified":"2018-07-07T11:08:14","modified_gmt":"2018-07-07T10:08:14","slug":"son-histoire","status":"publish","type":"page","link":"https:\/\/cvf-volleyball.fr\/index.php\/le-club\/son-histoire\/","title":{"rendered":"Histoire et Projet du Club"},"content":{"rendered":"<p>En 1982, une\u00a0 bande de copains d\u00e9sireux de partager leur passion ont cr\u00e9\u00e9 <strong>une section volley-ball au sein du \u00ab\u00a0Club omnisports Velaux\u00a0\u00bb<\/strong> \u00a0qui comprenait \u00e9galement le hand-ball et le cyclisme.<\/p>\n<p>En 1985 que les gar\u00e7ons de Velaux se sont regroup\u00e9s avec les filles de La Fare les Oliviers pour donner naissance au <strong>C.O. Velaux la Fare Volley-Ball<\/strong>.<\/p>\n<p>En 2005, le COVF met en place la <a href=\"https:\/\/youtu.be\/9unB3E4FMKA\">nouvelle pratique du volley<\/a> pour les enfants de moins de 9 ans qui permet un apprentissage progressif du volley et adapt\u00e9 \u00e0 chacun. <a href=\"https:\/\/vimeo.com\/82164214\">Tournoi Pitchoun sur TV Velaux.<\/a><\/p>\n<p>En 2010, le club lance sa section baby pour les enfants de 3 \u00e0 5 ans. <a href=\"https:\/\/vimeo.com\/43095670\">S\u00e9quence nostalgie sur TV Velaux&#8230;<\/a><\/p>\n<p>En 2014, le COVF inscrit sa premi\u00e8re \u00e9quipe jeune en Coupe de France. Et pour cette premi\u00e8re inscription, l&rsquo;\u00e9quipe des moins de 13ans f\u00e9minin r\u00e9alise l&rsquo;exploit de passer les 7 tours et de se qualifier pour la phase finale. Elle terminera le tournoi 10\u00e8me soit <strong>10\u00e8me meilleure \u00e9quipe M13F de France<\/strong> !<\/p>\n<p>En 2015, le CO Velaux La Fare Volley-Ball int\u00e9gre Coudoux pour faire le <strong>Coudoux Velaux La Fare Volley-Ball<\/strong> (CVF-VB)<\/p>\n<p>En 2016, Le CVF-VB bat son record d\u2019inscription au club avec <strong>plus de 160 licenci\u00e9s<\/strong>. 3 \u00e9quipes jeunes participent \u00e0 la Coupe de France les M15 et M17 F\u00e9minin et M17 Masculin et pour la premi\u00e8re fois l&rsquo;\u00e9quipe S\u00e9nior Masculine reporte le championnat r\u00e9gional et monte en Pr\u00e9-National avec en cerise sur le g\u00e2teau une victoire en coupe de PACA face au Pradet, vainqueur du championnat r\u00e9gional Cote d&rsquo;Azur.<\/p>\n<p>En 2017, Le club a re\u00e7u de la FFVB, le label \u00ab\u00a0<strong>Club Formateur Excellence<\/strong>\u00ab\u00a0.<\/p>\n<p>2017 a \u00e9t\u00e9 une nouvelle \u00e9tape importante dans le d\u00e9veloppement du club avec la cr\u00e9ation d&rsquo;<a href=\"http:\/\/cvf-volleyball.fr\/index.php\/2017\/10\/15\/bassin-de-pratique\/\">un bassin Zenith avec le club de Vitrolles (VSVB)<\/a> pour permettre de partager les ressources humaines et mat\u00e9rielles des deux clubs et d&rsquo;inscrire des \u00e9quipes encore plus performantes dans les comp\u00e9titions r\u00e9gionales et nationales. D\u00e8s cette premi\u00e8res saisons, la bassin a donn\u00e9 des r\u00e9sultats encourageants avec 5 \u00e9quipes engag\u00e9es en Coupe de France (dont les M13F du CVF-VB \u00e9limin\u00e9es au 7\u00e8me et dernier tour et M13G du VSVB \u00e9limin\u00e9s au 6\u00e8me tour..), les M15G du VSVB ont \u00e9t\u00e9 Champion de Provence ou les M17F Championnes de PACA !<\/p>\n<p>Comme cette ann\u00e9e, le <strong><a href=\"http:\/\/cvf-volleyball.fr\/wp-content\/uploads\/2017\/07\/Projet-Club-2017-rev-19-mars-2017.pdf\">Projet du Club<\/a><\/strong> est mis \u00e0 jour pour vous pr\u00e9senter nos objectifs de la saison. Bonne Lecture&#8230;<\/p>\n","protected":false},"excerpt":{"rendered":"<p>En 1982, une\u00a0 bande de copains d\u00e9sireux de partager leur passion ont cr\u00e9\u00e9 une section volley-ball au sein du \u00ab\u00a0Club omnisports Velaux\u00a0\u00bb \u00a0qui comprenait \u00e9galement le hand-ball et le cyclisme. En 1985 que les gar\u00e7ons de Velaux se sont regroup\u00e9s avec les filles de La Fare les Oliviers pour donner naissance au C.O. Velaux la [&hellip;]<\/p>\n","protected":false},"author":2,"featured_media":0,"parent":8,"menu_order":10,"comment_status":"closed","ping_status":"closed","template":"","meta":{"footnotes":""},"_links":{"self":[{"href":"https:\/\/cvf-volleyball.fr\/index.php\/wp-json\/wp\/v2\/pages\/10"}],"collection":[{"href":"https:\/\/cvf-volleyball.fr\/index.php\/wp-json\/wp\/v2\/pages"}],"about":[{"href":"https:\/\/cvf-volleyball.fr\/index.php\/wp-json\/wp\/v2\/types\/page"}],"author":[{"embeddable":true,"href":"https:\/\/cvf-volleyball.fr\/index.php\/wp-json\/wp\/v2\/users\/2"}],"replies":[{"embeddable":true,"href":"https:\/\/cvf-volleyball.fr\/index.php\/wp-json\/wp\/v2\/comments?post=10"}],"version-history":[{"count":8,"href":"https:\/\/cvf-volleyball.fr\/index.php\/wp-json\/wp\/v2\/pages\/10\/revisions"}],"predecessor-version":[{"id":1417,"href":"https:\/\/cvf-volleyball.fr\/index.php\/wp-json\/wp\/v2\/pages\/10\/revisions\/1417"}],"up":[{"embeddable":true,"href":"https:\/\/cvf-volleyball.fr\/index.php\/wp-json\/wp\/v2\/pages\/8"}],"wp:attachment":[{"href":"https:\/\/cvf-volleyball.fr\/index.php\/wp-json\/wp\/v2\/media?parent=10"}],"curies":[{"name":"wp","href":"https:\/\/api.w.org\/{rel}","templated":true}]}}

<p>En 1982, une  bande de copains désireux de partager leur passion ont créé <strong>une section volley-ball au sein du « Club omnisports Velaux »</strong>  qui comprenait également le hand-ball et le cyclisme.</p>
<p>En 1985 que les garçons de Velaux se sont regroupés avec les filles de La Fare les Oliviers pour donner naissance au <strong>C.O. Velaux la Fare Volley-Ball</strong>.</p>
<p>En 2005, le COVF met en place la <a href="https://youtu.be/9unB3E4FMKA">nouvelle pratique du volley</a> pour les enfants de moins de 9 ans qui permet un apprentissage progressif du volley et adapté à chacun. <a href="https://vimeo.com/82164214">Tournoi Pitchoun sur TV Velaux.</a></p>
<p>En 2010, le club lance sa section baby pour les enfants de 3 à 5 ans. <a href="https://vimeo.com/43095670">Séquence nostalgie sur TV Velaux&#8230;</a></p>
<p>En 2014, le COVF inscrit sa première équipe jeune en Coupe de France. Et pour cette première inscription, l&rsquo;équipe des moins de 13ans féminin réalise l&rsquo;exploit de passer les 7 tours et de se qualifier pour la phase finale. Elle terminera le tournoi 10ème soit <strong>10ème meilleure équipe M13F de France</strong> !</p>
<p>En 2015, le CO Velaux La Fare Volley-Ball intégre Coudoux pour faire le <strong>Coudoux Velaux La Fare Volley-Ball</strong> (CVF-VB)</p>
<p>En 2016, Le CVF-VB bat son record d’inscription au club avec <strong>plus de 160 licenciés</strong>. 3 équipes jeunes participent à la Coupe de France les M15 et M17 Féminin et M17 Masculin et pour la première fois l&rsquo;équipe Sénior Masculine reporte le championnat régional et monte en Pré-National avec en cerise sur le gâteau une victoire en coupe de PACA face au Pradet, vainqueur du championnat régional Cote d&rsquo;Azur.</p>
<p>En 2017, Le club a reçu de la FFVB, le label « <strong>Club Formateur Excellence</strong>« .</p>
<p>2017 a été une nouvelle étape importante dans le développement du club avec la création d&rsquo;<a href="http://cvf-volleyball.fr/index.php/2017/10/15/bassin-de-pratique/">un bassin Zenith avec le club de Vitrolles (VSVB)</a> pour permettre de partager les ressources humaines et matérielles des deux clubs et d&rsquo;inscrire des équipes encore plus performantes dans les compétitions régionales et nationales. Dès cette premières saisons, la bassin a donné des résultats encourageants avec 5 équipes engagées en Coupe de France (dont les M13F du CVF-VB éliminées au 7ème et dernier tour et M13G du VSVB éliminés au 6ème tour..), les M15G du VSVB ont été Champion de Provence ou les M17F Championnes de PACA !</p>
<p>Comme cette année, le <strong><a href="http://cvf-volleyball.fr/wp-content/uploads/2017/07/Projet-Club-2017-rev-19-mars-2017.pdf">Projet du Club</a></strong> est mis à jour pour vous présenter nos objectifs de la saison. Bonne Lecture&#8230;</p>

<p>En 1982, une  bande de copains désireux de partager leur passion ont créé une section volley-ball au sein du « Club omnisports Velaux »  qui comprenait également le hand-ball et le cyclisme. En 1985 que les garçons de Velaux se sont regroupés avec les filles de La Fare les Oliviers pour donner naissance au C.O. Velaux la [&hellip;]</p>
