{"id":1101,"date":"2019-08-21T14:21:39","date_gmt":"2019-08-21T13:21:39","guid":{"rendered":"http:\/\/cvf-volleyball.fr\/?page_id=1101"},"modified":"2023-08-26T08:51:32","modified_gmt":"2023-08-26T07:51:32","slug":"home-2","status":"publish","type":"page","link":"https:\/\/cvf-volleyball.fr\/","title":{"rendered":"HOME"},"content":{"rendered":"<div id=\"pl-1101\"  class=\"panel-layout\" ><div id=\"pg-1101-0\"  class=\"panel-grid panel-no-style\" ><div id=\"pgc-1101-0-0\"  class=\"panel-grid-cell panel-grid-cell-empty\" ><\/div><\/div><div id=\"pg-1101-1\"  class=\"panel-grid panel-no-style\" ><div id=\"pgc-1101-1-0\"  class=\"panel-grid-cell\" >\t\t\t<div id=\"panel-1101-1-0-0\" class=\"so-panel widget widget_wpt_widget widget_wpt panel-first-child\" data-index=\"0\" >\t\t\t<div class=\"wpt_widget_content\" id=\"widget-1-0-0_content\" data-widget-number=\"1\">\n\t\t\t\t<ul class=\"wpt-tabs has-1-tabs\">\n\t\t\t\t\t\t\t\t\t\t\t\t\t\t\t\t\t\t\t\t\t\t\t\t\t\t\t\t\t<li class=\"tab_title\"><a href=\"#\" id=\"recent-tab\">R\u00e9cent<\/a><\/li>\n\t\t\t\t\t\t\t\t\t\t\t\t\t\t\t\t\t\t\t\t\t\t\t\t\t\t\t\t\t\t\t\t\t\t\t\t\t<\/ul> <!--end .tabs-->\n\t\t\t\t<div class=\"clear\"><\/div>\n\t\t\t\t<div class=\"inside\">\n\t\t\t\t\t\t\t\t\t\t\t\t\t\t\t\t<div id=\"recent-tab-content\" class=\"tab-content\">\n\t\t\t\t\t\t<\/div> <!--end #recent-tab-content-->\n\t\t\t\t\t\t\t\t\t\t\t\t\t\t\t\t\t\t\t\t<div class=\"clear\"><\/div>\n\t\t\t\t<\/div> <!--end .inside -->\n\t\t\t\t<div class=\"clear\"><\/div>\n\t\t\t<\/div><!--end #tabber -->\n\t\t\t\t\t\t<script type=\"text\/javascript\">\n\t\t\t\tjQuery(function($) {\n\t\t\t\t\t$('#widget-1-0-0_content').data('args', {\"allow_pagination\":\"1\",\"post_num\":\"4\",\"title_length\":\"15\",\"show_thumb\":\"1\",\"thumb_size\":\"small\",\"show_date\":\"1\",\"excerpt_length\":\"15\",\"comment_num\":\"5\",\"show_avatar\":\"1\",\"show_excerpt\":\"\",\"show_comment_num\":\"\",\"show_love\":null,\"so_sidebar_emulator_id\":\"wpt_widget-110110000\",\"option_name\":\"widget_wpt_widget\",\"panels_info\":{\"class\":\"wpt_widget\",\"raw\":false,\"grid\":1,\"cell\":0,\"id\":0,\"widget_id\":\"47e6a00b-0820-44c9-9337-04584c2d02d7\",\"style\":{\"background_image_attachment\":false,\"background_display\":\"tile\"},\"cell_index\":0,\"widget_index\":0}});\n\t\t\t\t});\n\t\t\t<\/script>\n\t\t\t<\/div>\t\t\t<div id=\"panel-1101-1-0-1\" class=\"so-panel widget widget_media_image panel-last-child\" data-index=\"1\" ><h3 class=\"widget-title\">Boutique 2022-2023<\/h3><a href=\"http:\/\/cvf-volleyball.fr\/index.php\/le-club\/boutique\/\" target=\"_blank\" rel=\"noopener\"><img width=\"2000\" height=\"1414\" src=\"https:\/\/cvf-volleyball.fr\/wp-content\/uploads\/2022\/11\/BOUTIQUE-VELAUX-LA-FARE-VB.jpg\" class=\"image wp-image-2136  attachment-full size-full no-lazy\" alt=\"\" decoding=\"async\" style=\"max-width: 100%; height: auto;\" title=\"Formulaire d&#039;Adh\u00e9sion 2022-2023\" srcset=\"https:\/\/cvf-volleyball.fr\/wp-content\/uploads\/2022\/11\/BOUTIQUE-VELAUX-LA-FARE-VB.jpg 2000w, https:\/\/cvf-volleyball.fr\/wp-content\/uploads\/2022\/11\/BOUTIQUE-VELAUX-LA-FARE-VB-300x212.jpg 300w, https:\/\/cvf-volleyball.fr\/wp-content\/uploads\/2022\/11\/BOUTIQUE-VELAUX-LA-FARE-VB-1024x724.jpg 1024w, https:\/\/cvf-volleyball.fr\/wp-content\/uploads\/2022\/11\/BOUTIQUE-VELAUX-LA-FARE-VB-768x543.jpg 768w, https:\/\/cvf-volleyball.fr\/wp-content\/uploads\/2022\/11\/BOUTIQUE-VELAUX-LA-FARE-VB-1536x1086.jpg 1536w\" sizes=\"(max-width: 2000px) 100vw, 2000px\" \/><\/a><\/div><\/div><div id=\"pgc-1101-1-1\"  class=\"panel-grid-cell\" ><div id=\"panel-1101-1-1-0\" class=\"so-panel widget widget_master-slider-main-widget master-slider-main-widget panel-first-child\" data-index=\"2\" >\n\t\t<!-- MasterSlider -->\n\t\t<div id=\"P_MS63757b9152759\" class=\"master-slider-parent msl ms-parent-id-3\" style=\"max-width:800px;\">\n\n\t\t\t\n\t\t\t<!-- MasterSlider Main -->\n\t\t\t<div id=\"MS63757b9152759\" class=\"master-slider ms-skin-metro\" >\n\t\t\t\t \t\t\t\t \n\t\t\t\t<div  class=\"ms-slide\" data-delay=\"1\" data-fill-mode=\"fit\"  >\n\t\t\t\t\t<img src=\"http:\/\/cvf-volleyball.fr\/wp-content\/plugins\/master-slider\/public\/assets\/css\/blank.gif\" alt=\"\" title=\"\" data-src=\"http:\/\/cvf-volleyball.fr\/wp-content\/uploads\/2022\/11\/2022_N3F_1.jpg\" \/>\n\n\n\t<div class=\"ms-thumb\" ><div class=\"ms-tab-context\"><div class=&quot;ms-tab-context&quot;><\/div><\/div>\n<\/div>\n\t\t\t\t<\/div>\n\t\t\t\t<div  class=\"ms-slide\" data-delay=\"1\" data-fill-mode=\"fit\"  >\n\t\t\t\t\t<img src=\"http:\/\/cvf-volleyball.fr\/wp-content\/plugins\/master-slider\/public\/assets\/css\/blank.gif\" alt=\"\" title=\"\" data-src=\"http:\/\/cvf-volleyball.fr\/wp-content\/uploads\/2022\/11\/2022_N3_2.jpg\" \/>\n\n\n\t<div class=\"ms-thumb\" ><div class=\"ms-tab-context\"><div class=&quot;ms-tab-context&quot;><\/div><\/div>\n<\/div>\n\t\t\t\t<\/div>\n\t\t\t\t<div  class=\"ms-slide\" data-delay=\"1\" data-fill-mode=\"fit\"  >\n\t\t\t\t\t<img src=\"http:\/\/cvf-volleyball.fr\/wp-content\/plugins\/master-slider\/public\/assets\/css\/blank.gif\" alt=\"\" title=\"\" data-src=\"http:\/\/cvf-volleyball.fr\/wp-content\/uploads\/2022\/11\/2022_M18G_1.jpg\" \/>\n\n\n\t<div class=\"ms-thumb\" ><div class=\"ms-tab-context\"><div class=&quot;ms-tab-context&quot;><\/div><\/div>\n<\/div>\n\t\t\t\t<\/div>\n\t\t\t\t<div  class=\"ms-slide\" data-delay=\"1\" data-fill-mode=\"fit\"  >\n\t\t\t\t\t<img src=\"http:\/\/cvf-volleyball.fr\/wp-content\/plugins\/master-slider\/public\/assets\/css\/blank.gif\" alt=\"\" title=\"\" data-src=\"http:\/\/cvf-volleyball.fr\/wp-content\/uploads\/2022\/11\/18-DSC05711-scaled.jpg\" \/>\n\n\n\t<div class=\"ms-thumb\" ><div class=\"ms-tab-context\"><div class=&quot;ms-tab-context&quot;><\/div><\/div>\n<\/div>\n\t\t\t\t<\/div>\n\t\t\t\t<div  class=\"ms-slide\" data-delay=\"1\" data-fill-mode=\"fit\"  >\n\t\t\t\t\t<img src=\"http:\/\/cvf-volleyball.fr\/wp-content\/plugins\/master-slider\/public\/assets\/css\/blank.gif\" alt=\"\" title=\"\" data-src=\"http:\/\/cvf-volleyball.fr\/wp-content\/uploads\/2017\/12\/2017-2018-Loisir1.jpg\" \/>\n\n\n\t<div class=\"ms-thumb\" ><div class=\"ms-tab-context\"><div class=&quot;ms-tab-context&quot;><\/div><\/div>\n<\/div>\n\t\t\t\t<\/div>\n\t\t\t\t<div  class=\"ms-slide\" data-delay=\"1\" data-fill-mode=\"fit\"  >\n\t\t\t\t\t<img src=\"http:\/\/cvf-volleyball.fr\/wp-content\/plugins\/master-slider\/public\/assets\/css\/blank.gif\" alt=\"\" title=\"\" data-src=\"http:\/\/cvf-volleyball.fr\/wp-content\/uploads\/2021\/11\/2021-M11M.jpg\" \/>\n\n\n\t<div class=\"ms-thumb\" ><div class=\"ms-tab-context\"><div class=&quot;ms-tab-context&quot;><\/div><\/div>\n<\/div>\n\t\t\t\t<\/div>\n\t\t\t\t<div  class=\"ms-slide\" data-delay=\"1\" data-fill-mode=\"fit\"  >\n\t\t\t\t\t<img src=\"http:\/\/cvf-volleyball.fr\/wp-content\/plugins\/master-slider\/public\/assets\/css\/blank.gif\" alt=\"\" title=\"\" data-src=\"http:\/\/cvf-volleyball.fr\/wp-content\/uploads\/2022\/11\/2022_N3F_1.jpg\" \/>\n\n\n\t<div class=\"ms-thumb\" ><div class=\"ms-tab-context\"><div class=&quot;ms-tab-context&quot;><\/div><\/div>\n<\/div>\n\t\t\t\t<\/div>\n\t\t\t\t<div  class=\"ms-slide\" data-delay=\"1\" data-fill-mode=\"fit\"  >\n\t\t\t\t\t<img src=\"http:\/\/cvf-volleyball.fr\/wp-content\/plugins\/master-slider\/public\/assets\/css\/blank.gif\" alt=\"\" title=\"\" data-src=\"http:\/\/cvf-volleyball.fr\/wp-content\/uploads\/2017\/12\/2017-2018-M17FX4-fb.jpg\" \/>\n\n\n\t<div class=\"ms-thumb\" ><div class=\"ms-tab-context\"><div class=&quot;ms-tab-context&quot;><\/div><\/div>\n<\/div>\n\t\t\t\t<\/div>\n\t\t\t\t<div  class=\"ms-slide\" data-delay=\"1\" data-fill-mode=\"fit\"  >\n\t\t\t\t\t<img src=\"http:\/\/cvf-volleyball.fr\/wp-content\/plugins\/master-slider\/public\/assets\/css\/blank.gif\" alt=\"\" title=\"\" data-src=\"http:\/\/cvf-volleyball.fr\/wp-content\/uploads\/2017\/12\/2017-2018-M091.jpg\" \/>\n\n\n\t<div class=\"ms-thumb\" ><div class=\"ms-tab-context\"><div class=&quot;ms-tab-context&quot;><\/div><\/div>\n<\/div>\n\t\t\t\t<\/div>\n\t\t\t\t<div  class=\"ms-slide\" data-delay=\"1\" data-fill-mode=\"fit\"  >\n\t\t\t\t\t<img src=\"http:\/\/cvf-volleyball.fr\/wp-content\/plugins\/master-slider\/public\/assets\/css\/blank.gif\" alt=\"\" title=\"\" data-src=\"http:\/\/cvf-volleyball.fr\/wp-content\/uploads\/2016\/09\/2015-Babies.jpg\" \/>\n\n\n\t<div class=\"ms-thumb\" ><div class=\"ms-tab-context\"><div class=&quot;ms-tab-context&quot;><\/div><\/div>\n<\/div>\n\t\t\t\t<\/div>\n\t\t\t\t<div  class=\"ms-slide\" data-delay=\"1\" data-fill-mode=\"fit\"  >\n\t\t\t\t\t<img src=\"http:\/\/cvf-volleyball.fr\/wp-content\/plugins\/master-slider\/public\/assets\/css\/blank.gif\" alt=\"\" title=\"\" data-src=\"http:\/\/cvf-volleyball.fr\/wp-content\/uploads\/2021\/11\/2021-M11F.jpg\" \/>\n\n\n\t<div class=\"ms-thumb\" ><div class=\"ms-tab-context\"><div class=&quot;ms-tab-context&quot;><\/div><\/div>\n<\/div>\n\t\t\t\t<\/div>\n\t\t\t\t<div  class=\"ms-slide\" data-delay=\"1\" data-fill-mode=\"fit\"  >\n\t\t\t\t\t<img src=\"http:\/\/cvf-volleyball.fr\/wp-content\/plugins\/master-slider\/public\/assets\/css\/blank.gif\" alt=\"\" title=\"\" data-src=\"http:\/\/cvf-volleyball.fr\/wp-content\/uploads\/2021\/11\/2021-M18M2.jpg\" \/>\n\n\n\t<div class=\"ms-thumb\" ><div class=\"ms-tab-context\"><div class=&quot;ms-tab-context&quot;><\/div><\/div>\n<\/div>\n\t\t\t\t<\/div>\n\t\t\t\t<div  class=\"ms-slide\" data-delay=\"1\" data-fill-mode=\"fit\"  >\n\t\t\t\t\t<img src=\"http:\/\/cvf-volleyball.fr\/wp-content\/plugins\/master-slider\/public\/assets\/css\/blank.gif\" alt=\"\" title=\"\" data-src=\"http:\/\/cvf-volleyball.fr\/wp-content\/uploads\/2022\/11\/22-DSC05722-scaled.jpg\" \/>\n\n\n\t<div class=\"ms-thumb\" ><div class=\"ms-tab-context\"><div class=&quot;ms-tab-context&quot;><\/div><\/div>\n<\/div>\n\t\t\t\t<\/div>\n\t\t\t\t<div  class=\"ms-slide\" data-delay=\"1\" data-fill-mode=\"fit\"  >\n\t\t\t\t\t<img src=\"http:\/\/cvf-volleyball.fr\/wp-content\/plugins\/master-slider\/public\/assets\/css\/blank.gif\" alt=\"\" title=\"\" data-src=\"http:\/\/cvf-volleyball.fr\/wp-content\/uploads\/2022\/11\/2022_M13_CDF.jpg\" \/>\n\n\n\t<div class=\"ms-thumb\" ><div class=\"ms-tab-context\"><div class=&quot;ms-tab-context&quot;><\/div><\/div>\n<\/div>\n\t\t\t\t<\/div>\n\t\t\t\t<div  class=\"ms-slide\" data-delay=\"1\" data-fill-mode=\"fit\"  >\n\t\t\t\t\t<img src=\"http:\/\/cvf-volleyball.fr\/wp-content\/plugins\/master-slider\/public\/assets\/css\/blank.gif\" alt=\"\" title=\"\" data-src=\"http:\/\/cvf-volleyball.fr\/wp-content\/uploads\/2018\/10\/2018-M17F-PACA-1.jpg\" \/>\n\n\n\t<div class=\"ms-thumb\" ><div class=\"ms-tab-context\"><div class=&quot;ms-tab-context&quot;><\/div><\/div>\n<\/div>\n\t\t\t\t<\/div>\n\t\t\t\t<div  class=\"ms-slide\" data-delay=\"1\" data-fill-mode=\"fit\"  >\n\t\t\t\t\t<img src=\"http:\/\/cvf-volleyball.fr\/wp-content\/plugins\/master-slider\/public\/assets\/css\/blank.gif\" alt=\"\" title=\"\" data-src=\"http:\/\/cvf-volleyball.fr\/wp-content\/uploads\/2022\/11\/2022_DF_1.jpg\" \/>\n\n\n\t<div class=\"ms-thumb\" ><div class=\"ms-tab-context\"><div class=&quot;ms-tab-context&quot;><\/div><\/div>\n<\/div>\n\t\t\t\t<\/div>\n\t\t\t\t<div  class=\"ms-slide\" data-delay=\"1\" data-fill-mode=\"fit\"  >\n\t\t\t\t\t<img src=\"http:\/\/cvf-volleyball.fr\/wp-content\/plugins\/master-slider\/public\/assets\/css\/blank.gif\" alt=\"\" title=\"\" data-src=\"http:\/\/cvf-volleyball.fr\/wp-content\/uploads\/2022\/11\/2022_M18F-1.jpg\" \/>\n\n\n\t<div class=\"ms-thumb\" ><div class=\"ms-tab-context\"><div class=&quot;ms-tab-context&quot;><\/div><\/div>\n<\/div>\n\t\t\t\t<\/div>\n\t\t\t\t<div  class=\"ms-slide\" data-delay=\"1\" data-fill-mode=\"fit\"  >\n\t\t\t\t\t<img src=\"http:\/\/cvf-volleyball.fr\/wp-content\/plugins\/master-slider\/public\/assets\/css\/blank.gif\" alt=\"\" title=\"\" data-src=\"http:\/\/cvf-volleyball.fr\/wp-content\/uploads\/2022\/11\/11-DSC05449-scaled.jpg\" \/>\n\n\n\t<div class=\"ms-thumb\" ><div class=\"ms-tab-context\"><div class=&quot;ms-tab-context&quot;><\/div><\/div>\n<\/div>\n\t\t\t\t<\/div>\n\n\t\t\t<\/div>\n\t\t\t<!-- END MasterSlider Main -->\n\n\t\t\t \n\t\t<\/div>\n\t\t<!-- END MasterSlider -->\n\n\t\t<script>\n\t\t(function ( $ ) {\n\t\t\t\"use strict\";\n\n\t\t\t$(function () {\n\t\t\t\tvar masterslider_2759 = new MasterSlider();\n\n\t\t\t\t\/\/ slider controls\n\n\t\t\t\t\/\/ slider setup\n\t\t\t\tmasterslider_2759.setup(\"MS63757b9152759\", {\n\t\t\t\t\t\twidth           : 600,\n\t\t\t\t\t\theight          : 400,\n\t\t\t\t\t\tminHeight       : 0,\n\t\t\t\t\t\tspace           : 0,\n\t\t\t\t\t\tstart           : 1,\n\t\t\t\t\t\tgrabCursor      : false,\n\t\t\t\t\t\tswipe           : true,\n\t\t\t\t\t\tmouse           : true,\n\t\t\t\t\t\tlayout          : \"boxed\",\n\t\t\t\t\t\twheel           : false,\n\t\t\t\t\t\tautoplay        : true,\n\t\t\t\t\t\tinstantStartLayers:false,\n\t\t\t\t\t\tloop            : true,\n\t\t\t\t\t\tshuffle         : true,\n\t\t\t\t\t\tpreload         : 0,\n\t\t\t\t\t\theightLimit     : true,\n\t\t\t\t\t\tautoHeight      : false,\n\t\t\t\t\t\tsmoothHeight    : true,\n\t\t\t\t\t\tendPause        : false,\n\t\t\t\t\t\toverPause       : true,\n\t\t\t\t\t\tfillMode        : \"fill\",\n\t\t\t\t\t\tcenterControls  : false,\n\t\t\t\t\t\tstartOnAppear   : false,\n\t\t\t\t\t\tlayersMode      : \"center\",\n\t\t\t\t\t\thideLayers      : false,\n\t\t\t\t\t\tfullscreenMargin: 0,\n\t\t\t\t\t\tspeed           : 10,\n\t\t\t\t\t\tdir             : \"h\",\n\t\t\t\t\t\tparallaxMode    : 'swipe',\n\t\t\t\t\t\tview            : \"fade\"\n\t\t\t\t});\n\n\t\t\t\t\n\t\t\t\twindow.masterslider_instances = window.masterslider_instances || [];\n\t\t\t\twindow.masterslider_instances.push( masterslider_2759 );\n\t\t\t });\n\n\t\t})(jQuery);\n\t\t<\/script>\n\n<\/div><div id=\"panel-1101-1-1-1\" class=\"so-panel widget widget_iframe-loader iframe-loader-widget panel-last-child\" data-index=\"3\" ><h3 class=\"widget-title\">Programmes et R\u00e9sultats du WE<\/h3><script type='text\/javascript'>  \nwindow.onload = document.write(\"<iframe width='100%' height='500' marginwidth='0' marginheight='0' scrolling='no' frameborder='0'  src='http:\/\/www.ffvbbeach.org\/ffvbapp\/resu\/planning_club.php?cnclub=0138350&x=4&y=1' ><\/iframe> \"); \n <\/script><\/div><\/div><\/div><div id=\"pg-1101-2\"  class=\"panel-grid panel-no-style\" ><div id=\"pgc-1101-2-0\"  class=\"panel-grid-cell\" >        <iframe\n            id=\"59d0cf516b664e0e4f76994d\"\n            height=\"400\"             src=\"https:\/\/scorenco.com\/widget\/59d0cf516b664e0e4f76994d\/\"\n            style=\"display: block; width: 100%; overflow: auto; margin: auto; border-width: 0px;\">\n                    <\/iframe>\n\n        <\/div><div id=\"pgc-1101-2-1\"  class=\"panel-grid-cell\" >        <iframe\n            id=\"5d5ea883c1e5db0a21677b21\"\n            height=\"400\"             src=\"https:\/\/scorenco.com\/widget\/5d5ea883c1e5db0a21677b21\/\"\n            style=\"display: block; width: 100%; overflow: auto; margin: auto; border-width: 0px;\">\n                    <\/iframe>\n\n        <\/div><div id=\"pgc-1101-2-2\"  class=\"panel-grid-cell\" ><div id=\"panel-1101-2-2-0\" class=\"so-panel widget widget_master-slider-main-widget master-slider-main-widget panel-first-child panel-last-child\" data-index=\"6\" ><h3 class=\"widget-title\">Troph\u00e9es du fair-play<\/h3>\n\t\t<!-- MasterSlider -->\n\t\t<div id=\"P_MS5a3d81aec4766\" class=\"master-slider-parent msl ms-parent-id-6\" style=\"max-width:800px;\"  >\n\n\t\t\t\n\t\t\t<!-- MasterSlider Main -->\n\t\t\t<div id=\"MS5a3d81aec4766\" class=\"master-slider ms-skin-default\" >\n\t\t\t\t \t\t\t\t \n\t\t\t\t<div  class=\"ms-slide\" data-delay=\"2\" data-fill-mode=\"fill\"  >\n\t\t\t\t\t<img src=\"http:\/\/cvf-volleyball.fr\/wp-content\/plugins\/master-slider\/public\/assets\/css\/blank.gif\" alt=\"\" title=\"\" data-src=\"http:\/\/cvf-volleyball.fr\/wp-content\/uploads\/2017\/03\/PITCHOUNS_-Noam-Maelys-FEV-17.jpg\" \/>\n\n\n\t<img class=\"ms-thumb\" src=\"http:\/\/cvf-volleyball.fr\/wp-content\/uploads\/2017\/03\/PITCHOUNS_-Noam-Maelys-FEV-17-140x80.jpg\" alt=\"\" \/>\n\t<div class=\"ms-thumb\" ><div class=\"ms-tab-context\"><div class=&quot;ms-tab-context&quot;><\/div><\/div>\n<\/div>\n\t\t\t\t<\/div>\n\t\t\t\t<div  class=\"ms-slide\" data-delay=\"3\" data-fill-mode=\"fill\"  >\n\t\t\t\t\t<img src=\"http:\/\/cvf-volleyball.fr\/wp-content\/plugins\/master-slider\/public\/assets\/css\/blank.gif\" alt=\"\" title=\"\" data-src=\"http:\/\/cvf-volleyball.fr\/wp-content\/uploads\/2017\/03\/M11F_M13F-Camille-Nola-FEV-17.jpg\" \/>\n\n\n\t<img class=\"ms-thumb\" src=\"http:\/\/cvf-volleyball.fr\/wp-content\/uploads\/2017\/03\/M11F_M13F-Camille-Nola-FEV-17-140x80.jpg\" alt=\"\" \/>\n\t<div class=\"ms-thumb\" ><div class=\"ms-tab-context\"><div class=&quot;ms-tab-context&quot;><\/div><\/div>\n<\/div>\n\t\t\t\t<\/div>\n\t\t\t\t<div  class=\"ms-slide\" data-delay=\"3\" data-fill-mode=\"fill\"  >\n\t\t\t\t\t<img src=\"http:\/\/cvf-volleyball.fr\/wp-content\/plugins\/master-slider\/public\/assets\/css\/blank.gif\" alt=\"\" title=\"\" data-src=\"http:\/\/cvf-volleyball.fr\/wp-content\/uploads\/2017\/03\/M13F-Isis-Janvier-2017.jpg\" \/>\n\n\n\t<img class=\"ms-thumb\" src=\"http:\/\/cvf-volleyball.fr\/wp-content\/uploads\/2017\/03\/M13F-Isis-Janvier-2017-140x80.jpg\" alt=\"\" \/>\n\t<div class=\"ms-thumb\" ><div class=\"ms-tab-context\"><div class=&quot;ms-tab-context&quot;><\/div><\/div>\n<\/div>\n\t\t\t\t<\/div>\n\t\t\t\t<div  class=\"ms-slide\" data-delay=\"3\" data-fill-mode=\"fill\"  >\n\t\t\t\t\t<img src=\"http:\/\/cvf-volleyball.fr\/wp-content\/plugins\/master-slider\/public\/assets\/css\/blank.gif\" alt=\"\" title=\"\" data-src=\"http:\/\/cvf-volleyball.fr\/wp-content\/uploads\/2017\/03\/M17F-R\u00e9g-M\u00e9lanie-JANV-2017.jpg\" \/>\n\n\n\t<img class=\"ms-thumb\" src=\"http:\/\/cvf-volleyball.fr\/wp-content\/uploads\/2017\/03\/M17F-R\u00e9g-M\u00e9lanie-JANV-2017-140x80.jpg\" alt=\"\" \/>\n\t<div class=\"ms-thumb\" ><div class=\"ms-tab-context\"><div class=&quot;ms-tab-context&quot;><\/div><\/div>\n<\/div>\n\t\t\t\t<\/div>\n\t\t\t\t<div  class=\"ms-slide\" data-delay=\"3\" data-fill-mode=\"fill\"  >\n\t\t\t\t\t<img src=\"http:\/\/cvf-volleyball.fr\/wp-content\/plugins\/master-slider\/public\/assets\/css\/blank.gif\" alt=\"\" title=\"\" data-src=\"http:\/\/cvf-volleyball.fr\/wp-content\/uploads\/2017\/12\/2017-2018-M092.jpg\" \/>\n\n\n\t<img class=\"ms-thumb\" src=\"http:\/\/cvf-volleyball.fr\/wp-content\/uploads\/2017\/12\/2017-2018-M092-140x80.jpg\" alt=\"\" \/>\n\t<div class=\"ms-thumb\" ><div class=\"ms-tab-context\"><div class=&quot;ms-tab-context&quot;><\/div><\/div>\n<\/div>\n\t\t\t\t<\/div>\n\n\t\t\t<\/div>\n\t\t\t<!-- END MasterSlider Main -->\n\n\t\t\t \n\t\t<\/div>\n\t\t<!-- END MasterSlider -->\n\n\t\t<script>\n\t\t(function ( $ ) {\n\t\t\t\"use strict\";\n\n\t\t\t$(function () {\n\t\t\t\tvar masterslider_4766 = new MasterSlider();\n\n\t\t\t\t\/\/ slider controls\n\t\t\t\tmasterslider_4766.control('arrows'     ,{ autohide:false, overVideo:true  });\t\t\t\tmasterslider_4766.control('bullets'    ,{ autohide:false, overVideo:true, dir:'h', align:'bottom' , margin:10  });\n\n\t\t\t\tmasterslider_4766.control('thumblist'  ,{ autohide:false, overVideo:true, dir:'h', speed:17, inset:false, arrows:false, hover:false, customClass:'', align:'bottom',type:'thumbs', margin:5, width:140, height:80, space:5, fillMode:'fill'  });\n\t\t\t\t\/\/ slider setup\n\t\t\t\tmasterslider_4766.setup(\"MS5a3d81aec4766\", {\n\t\t\t\t\t\twidth           : 800,\n\t\t\t\t\t\theight          : 480,\n\t\t\t\t\t\tminHeight       : 0,\n\t\t\t\t\t\tspace           : 0,\n\t\t\t\t\t\tstart           : 1,\n\t\t\t\t\t\tgrabCursor      : false,\n\t\t\t\t\t\tswipe           : true,\n\t\t\t\t\t\tmouse           : true,\n\t\t\t\t\t\tlayout          : \"boxed\",\n\t\t\t\t\t\twheel           : true,\n\t\t\t\t\t\tautoplay        : false,\n\t\t\t\t\t\tinstantStartLayers:false,\n\t\t\t\t\t\tloop            : true,\n\t\t\t\t\t\tshuffle         : true,\n\t\t\t\t\t\tpreload         : 0,\n\t\t\t\t\t\theightLimit     : true,\n\t\t\t\t\t\tautoHeight      : false,\n\t\t\t\t\t\tsmoothHeight    : true,\n\t\t\t\t\t\tendPause        : false,\n\t\t\t\t\t\toverPause       : false,\n\t\t\t\t\t\tfillMode        : \"fill\",\n\t\t\t\t\t\tcenterControls  : true,\n\t\t\t\t\t\tstartOnAppear   : false,\n\t\t\t\t\t\tlayersMode      : \"center\",\n\t\t\t\t\t\thideLayers      : false,\n\t\t\t\t\t\tfullscreenMargin: 0,\n\t\t\t\t\t\tspeed           : 20,\n\t\t\t\t\t\tdir             : \"h\",\n\t\t\t\t\t\tparallaxMode    : 'swipe',\n\t\t\t\t\t\tview            : \"basic\"\n\t\t\t\t});\n\n\t\t\t\t\n\t\t\t\twindow.masterslider_instances = window.masterslider_instances || [];\n\t\t\t\twindow.masterslider_instances.push( masterslider_4766 );\n\t\t\t });\n\n\t\t})(jQuery);\n\t\t<\/script>\n\n<\/div><\/div><\/div><div id=\"pg-1101-3\"  class=\"panel-grid panel-no-style\" ><div id=\"pgc-1101-3-0\"  class=\"panel-grid-cell\" ><div id=\"panel-1101-3-0-0\" class=\"widget_text so-panel widget widget_custom_html panel-first-child panel-last-child\" data-index=\"7\" ><div class=\"textwidget custom-html-widget\">Nos Partenaires Officiels\n<table >\n\n<tr >\n<td  align=\"center\"><a href=\"https:\/\/www.facebook.com\/profile.php?id=100040198494620\" title=\"Auto \u00e9cole Les 4 Tours\" target=\"_blank\" rel=\"noopener\"><img src=\"http:\/\/cvf-volleyball.fr\/wp-content\/uploads\/2022\/10\/Auto-Ecole-Les4Tours.jpg\" width=\"150\"><br>Auto \u00e9cole Les 4 Tours<\/a><\/td>\n<td  align=\"center\"><a href=\"https:\/\/www.auto-selection.com\/services\/annuaire\/pare-brise\/ava-pare-brise-marseille-13-fiche-983720.php\" title=\"AVA PARE-BRISE\" target=\"_blank\" rel=\"noopener\"><img src=\"http:\/\/cvf-volleyball.fr\/wp-content\/uploads\/2022\/10\/AVA_Pare-brise.png\" width=\"100\"><br>AVA PARE-BRISE<\/a><\/td>\n<td  align=\"center\"><a href=\"https:\/\/smefazur.fr\/\" title=\"SMEF AZUR\" target=\"_blank\" rel=\"noopener\"><img src=\"http:\/\/cvf-volleyball.fr\/wp-content\/uploads\/2022\/10\/SMEF_AZUR-scaled.jpg\" width=\"180\"><br>SMEF AZUR<\/a><\/td>\n<td  align=\"center\"><a href=\"https:\/\/www.facebook.com\/allianz\/\" title=\"Allianz\" target=\"_blank\" rel=\"noopener\"><img src=\"http:\/\/cvf-volleyball.fr\/wp-content\/uploads\/2022\/10\/Allianz.jpg\" width=\"180\"><br>Allianz<\/a><\/td>\n<td  align=\"center\"><a href=\"https:\/\/www.facebook.com\/McDoLaFare\" title=\"McDonald's\" target=\"_blank\" rel=\"noopener\"><img src=\"http:\/\/cvf-volleyball.fr\/wp-content\/uploads\/2022\/10\/Mc-Donald-La-Fare.png\" width=\"100\"><br>McDonald's La Fare<\/a><\/td>\n<\/tr>\n<tr >\n<td  align=\"center\"><a href=\"https:\/\/www.facebook.com\/profile.php?id=100057335153408\" title=\"L'Epicerie de la Place\" target=\"_blank\" rel=\"noopener\"><img src=\"http:\/\/cvf-volleyball.fr\/wp-content\/uploads\/2022\/10\/LEpicerieDeLaPlace.jpg\" width=\"150\"><br>L'Epicerie de la Place<\/a><\/td>\n<td  align=\"center\"><a href=\"https:\/\/www.facebook.com\/GroupeMutualia\/\" title=\"Mutualia\" target=\"_blank\" rel=\"noopener\"><img src=\"http:\/\/cvf-volleyball.fr\/wp-content\/uploads\/2022\/10\/Mutualia.png\" width=\"150\"><br>Mutualia<\/a><\/td>\n<td  align=\"center\"><a href=\"http:\/\/fimtex.fr\/\" title=\"Fimtex\" target=\"_blank\" rel=\"noopener\"><img src=\"http:\/\/cvf-volleyball.fr\/wp-content\/uploads\/2016\/10\/fimtex-525x525.png\" width=\"100\"><br>Fimtex<\/a><\/td>\n<td  align=\"center\"><a href=\"https:\/\/reseau.citroen.fr\/reparateur-velaux?_ga=2.208432400.302195533.1595407600-1839827456.1595407600\" title=\"Citro\u00ebn Velaux\" target=\"_blank\" rel=\"noopener\"><img src=\"http:\/\/cvf-volleyball.fr\/wp-content\/uploads\/2022\/11\/CITROEN_VELAUX.jpg\" width=\"180\"><br>Citro\u00ebn Velaux<\/a><\/td>\n<td  align=\"center\"><a href=\"http:\/\/www.tw-voyages.com\/index.php\" title=\"TW Voyages\" target=\"_blank\" rel=\"noopener\"><img src=\"http:\/\/cvf-volleyball.fr\/wp-content\/uploads\/2019\/08\/TW_Voyages.png\" width=\"100\"><br>TW Voyages<\/a><\/td>\n<\/tr>\n<\/table>\nNos Partenaires Institutionnels\n<table>\n<tr>\n<td align=\"center\"><a href=\"http:\/\/www.cnds.sports.gouv.fr\/\" title=\"Centre national pour le d\u00e9veloppement du sport\" target=\"_blank\" rel=\"noopener\"><img src=\"http:\/\/cvf-volleyball.fr\/wp-content\/uploads\/2016\/11\/CNDS-2.png\"  width=\"160\" ><\/a><\/td>\n<td align=\"center\"><a href=\"http:\/\/www.coudoux.fr\/\" title=\"Ville de Coudoux\" target=\"_blank\" rel=\"noopener\"><img src=\"http:\/\/cvf-volleyball.fr\/wp-content\/uploads\/2016\/11\/VilleDeCoudoux-1.jpg\"  width=\"70\"><\/a><\/td>\n<td align=\"center\"><a href=\"http:\/\/www.velaux.fr\/\" title=\"Ville de Velaux\" target=\"_blank\" rel=\"noopener\"><img src=\"http:\/\/cvf-volleyball.fr\/wp-content\/uploads\/2016\/11\/VilleDeVelaux.png\"  width=\"80\"><\/a><\/td>\n<!-- <td align=\"center\"><a href=\"http:\/\/lafarelesoliviers.com\/\" title=\"Ville de La Fare les Oliviers\" target=\"_blank\" rel=\"noopener\"><img src=\"http:\/\/cvf-volleyball.fr\/wp-content\/uploads\/2016\/11\/LaFareLesOliviers.png\"  width=\"70\"><\/a><\/td> -->\n<td align=\"center\"><a href=\"http:\/\/lafarelesoliviers.com\/\" title=\"Ville de La Fare les Oliviers\" target=\"_blank\" rel=\"noopener\"><img src=\"http:\/\/cvf-volleyball.fr\/wp-content\/uploads\/2021\/11\/LaFare-Sport2021.jpg\"  width=\"160\"><\/a><\/td>\n<td align=\"center\"><a href=\"http:\/\/www.cg13.fr\/\" title=\"Conseil D\u00e9partemental 13\" target=\"_blank\" rel=\"noopener\"><img src=\"http:\/\/cvf-volleyball.fr\/wp-content\/uploads\/2016\/11\/13.png\" width=\"160\"><\/a><\/td>\n<\/tr>\n<\/table><\/div><\/div><\/div><\/div><\/div>","protected":false},"excerpt":{"rendered":"<p>R\u00e9cent Boutique 2022-2023 Programmes et R\u00e9sultats du WE Troph\u00e9es du fair-play Nos Partenaires Officiels Auto \u00e9cole Les 4 Tours AVA PARE-BRISE SMEF AZUR Allianz McDonald&rsquo;s La Fare L&rsquo;Epicerie de la Place Mutualia Fimtex Citro\u00ebn Velaux TW Voyages Nos Partenaires Institutionnels<\/p>\n","protected":false},"author":2,"featured_media":30,"parent":0,"menu_order":0,"comment_status":"closed","ping_status":"closed","template":"","meta":{"footnotes":""},"_links":{"self":[{"href":"https:\/\/cvf-volleyball.fr\/index.php\/wp-json\/wp\/v2\/pages\/1101"}],"collection":[{"href":"https:\/\/cvf-volleyball.fr\/index.php\/wp-json\/wp\/v2\/pages"}],"about":[{"href":"https:\/\/cvf-volleyball.fr\/index.php\/wp-json\/wp\/v2\/types\/page"}],"author":[{"embeddable":true,"href":"https:\/\/cvf-volleyball.fr\/index.php\/wp-json\/wp\/v2\/users\/2"}],"replies":[{"embeddable":true,"href":"https:\/\/cvf-volleyball.fr\/index.php\/wp-json\/wp\/v2\/comments?post=1101"}],"version-history":[{"count":81,"href":"https:\/\/cvf-volleyball.fr\/index.php\/wp-json\/wp\/v2\/pages\/1101\/revisions"}],"predecessor-version":[{"id":2171,"href":"https:\/\/cvf-volleyball.fr\/index.php\/wp-json\/wp\/v2\/pages\/1101\/revisions\/2171"}],"wp:featuredmedia":[{"embeddable":true,"href":"https:\/\/cvf-volleyball.fr\/index.php\/wp-json\/wp\/v2\/media\/30"}],"wp:attachment":[{"href":"https:\/\/cvf-volleyball.fr\/index.php\/wp-json\/wp\/v2\/media?parent=1101"}],"curies":[{"name":"wp","href":"https:\/\/api.w.org\/{rel}","templated":true}]}}