{"id":2071,"date":"2022-10-05T05:45:31","date_gmt":"2022-10-05T04:45:31","guid":{"rendered":"http:\/\/cvf-volleyball.fr\/?page_id=2071"},"modified":"2022-10-05T06:14:00","modified_gmt":"2022-10-05T05:14:00","slug":"senior-feminin-2","status":"publish","type":"page","link":"https:\/\/cvf-volleyball.fr\/index.php\/les-equipes\/senior-feminin-2\/","title":{"rendered":"D\u00e9partementale S\u00e9nior F\u00e9minin"},"content":{"rendered":"<div id=\"pl-2071\"  class=\"panel-layout\" ><div id=\"pg-2071-0\"  class=\"panel-grid panel-no-style\" ><div id=\"pgc-2071-0-0\"  class=\"panel-grid-cell\" ><div id=\"panel-2071-0-0-0\" class=\"so-panel widget widget_sow-editor panel-first-child\" data-index=\"0\" ><div\n\t\t\t\n\t\t\tclass=\"so-widget-sow-editor so-widget-sow-editor-base\"\n\t\t\t\n\t\t>\n<div class=\"siteorigin-widget-tinymce textwidget\">\n\t<h3><span style=\"color: #0000ff;\"><img decoding=\"async\" loading=\"lazy\" class=\"alignnone size-full wp-image-2050\" src=\"http:\/\/cvf-volleyball.fr\/wp-content\/uploads\/2022\/10\/2022-DSF.jpg\" alt=\"\" width=\"1408\" height=\"939\" srcset=\"https:\/\/cvf-volleyball.fr\/wp-content\/uploads\/2022\/10\/2022-DSF.jpg 1408w, https:\/\/cvf-volleyball.fr\/wp-content\/uploads\/2022\/10\/2022-DSF-300x200.jpg 300w, https:\/\/cvf-volleyball.fr\/wp-content\/uploads\/2022\/10\/2022-DSF-1024x683.jpg 1024w, https:\/\/cvf-volleyball.fr\/wp-content\/uploads\/2022\/10\/2022-DSF-768x512.jpg 768w, https:\/\/cvf-volleyball.fr\/wp-content\/uploads\/2022\/10\/2022-DSF-272x182.jpg 272w\" sizes=\"(max-width: 1408px) 100vw, 1408px\" \/><\/span><\/h3>\n<h3><span style=\"color: #0000ff;\">Entra\u00eeneur :<\/span> <strong>Fay\u00e7al<br \/>\n<\/strong><\/h3>\n<h3><span style=\"color: #0000ff;\">Entra\u00eenements :<\/span><\/h3>\n<ul>\n<li><a href=\"http:\/\/cvf-volleyball.fr\/index.php\/le-club\/horaires-dentrainement\/\">Voir tableau des entra\u00eenements<\/a><\/li>\n<\/ul>\n<h3><span style=\"color: #0000ff;\">\u00a0<\/span><\/h3>\n<\/div>\n<\/div><\/div><div id=\"panel-2071-0-0-1\" class=\"so-panel widget widget_sow-editor\" data-index=\"1\" ><div\n\t\t\t\n\t\t\tclass=\"so-widget-sow-editor so-widget-sow-editor-base\"\n\t\t\t\n\t\t>\n<div class=\"siteorigin-widget-tinymce textwidget\">\n\t<h3><span style=\"color: #0000ff;\">Championnat :<\/span><\/h3>\n<\/div>\n<\/div><\/div><div id=\"panel-2071-0-0-2\" class=\"so-panel widget widget_iframe-loader iframe-loader-widget\" data-index=\"2\" ><script type='text\/javascript'>  \nwindow.onload = document.write(\"<iframe width='100%' height='1500' marginwidth='0' marginheight='0' scrolling='yes' frameborder='0'  src='https:\/\/www.ffvbbeach.org\/ffvbapp\/resu\/vbspo_calendrier.php?saison=2022%2F2023&codent=PTPR13&poule=DFB&calend=COMPLET&equipe=4&x=7&y=8' ><\/iframe> \"); \n <\/script><\/div><div id=\"panel-2071-0-0-3\" class=\"so-panel widget widget_sow-editor\" data-index=\"3\" ><div\n\t\t\t\n\t\t\tclass=\"so-widget-sow-editor so-widget-sow-editor-base\"\n\t\t\t\n\t\t>\n<div class=\"siteorigin-widget-tinymce textwidget\">\n\t<ul>\n<li><a href=\"https:\/\/www.ffvbbeach.org\/ffvbapp\/resu\/vbspo_calendrier.php?saison=2022\/2023&codent=PTPR13&poule=DFB\">Calendrier\/R\u00e9sultats complets<\/a><\/li>\n<\/ul>\n<\/div>\n<\/div><\/div><div id=\"panel-2071-0-0-4\" class=\"widget_text so-panel widget widget_custom_html panel-last-child\" data-index=\"4\" ><div class=\"textwidget custom-html-widget\">Nos Partenaires Officiels\n<table >\n\n<tr >\n<td  align=\"center\"><a href=\"https:\/\/www.facebook.com\/profile.php?id=100040198494620\" title=\"Auto \u00e9cole Les 4 Tours\" target=\"_blank\" rel=\"noopener\"><img src=\"http:\/\/cvf-volleyball.fr\/wp-content\/uploads\/2022\/10\/Auto-Ecole-Les4Tours.jpg\" width=\"150\"><br>Auto \u00e9cole Les 4 Tours<\/a><\/td>\n<td  align=\"center\"><a href=\"https:\/\/www.auto-selection.com\/services\/annuaire\/pare-brise\/ava-pare-brise-marseille-13-fiche-983720.php\" title=\"AVA PARE-BRISE\" target=\"_blank\" rel=\"noopener\"><img src=\"http:\/\/cvf-volleyball.fr\/wp-content\/uploads\/2022\/10\/AVA_Pare-brise.png\" width=\"100\"><br>AVA PARE-BRISE<\/a><\/td>\n<td  align=\"center\"><a href=\"https:\/\/smefazur.fr\/\" title=\"SMEF AZUR\" target=\"_blank\" rel=\"noopener\"><img src=\"http:\/\/cvf-volleyball.fr\/wp-content\/uploads\/2022\/10\/SMEF_AZUR-scaled.jpg\" width=\"180\"><br>SMEF AZUR<\/a><\/td>\n<td  align=\"center\"><a href=\"https:\/\/www.facebook.com\/allianz\/\" title=\"Allianz\" target=\"_blank\" rel=\"noopener\"><img src=\"http:\/\/cvf-volleyball.fr\/wp-content\/uploads\/2022\/10\/Allianz.jpg\" width=\"180\"><br>Allianz<\/a><\/td>\n<td  align=\"center\"><a href=\"https:\/\/www.facebook.com\/McDoLaFare\" title=\"McDonald's\" target=\"_blank\" rel=\"noopener\"><img src=\"http:\/\/cvf-volleyball.fr\/wp-content\/uploads\/2022\/10\/Mc-Donald-La-Fare.png\" width=\"100\"><br>McDonald's La Fare<\/a><\/td>\n<\/tr>\n<tr >\n<td  align=\"center\"><a href=\"https:\/\/www.facebook.com\/profile.php?id=100057335153408\" title=\"L'Epicerie de la Place\" target=\"_blank\" rel=\"noopener\"><img src=\"http:\/\/cvf-volleyball.fr\/wp-content\/uploads\/2022\/10\/LEpicerieDeLaPlace.jpg\" width=\"150\"><br>L'Epicerie de la Place<\/a><\/td>\n<td  align=\"center\"><a href=\"https:\/\/www.facebook.com\/GroupeMutualia\/\" title=\"Mutualia\" target=\"_blank\" rel=\"noopener\"><img src=\"http:\/\/cvf-volleyball.fr\/wp-content\/uploads\/2022\/10\/Mutualia.png\" width=\"150\"><br>Mutualia<\/a><\/td>\n<td  align=\"center\"><a href=\"http:\/\/fimtex.fr\/\" title=\"Fimtex\" target=\"_blank\" rel=\"noopener\"><img src=\"http:\/\/cvf-volleyball.fr\/wp-content\/uploads\/2016\/10\/fimtex-525x525.png\" width=\"100\"><br>Fimtex<\/a><\/td>\n<td  align=\"center\"><a href=\"https:\/\/www.groupe-interway.fr\/\" title=\"Interway\" target=\"_blank\" rel=\"noopener\"><img src=\"http:\/\/cvf-volleyball.fr\/wp-content\/uploads\/2019\/08\/Interway.png\" width=\"100\"><br>Interway<\/a><\/td>\n<td  align=\"center\"><a href=\"http:\/\/www.tw-voyages.com\/index.php\" title=\"TW Voyages\" target=\"_blank\" rel=\"noopener\"><img src=\"http:\/\/cvf-volleyball.fr\/wp-content\/uploads\/2019\/08\/TW_Voyages.png\" width=\"100\"><br>TW Voyages<\/a><\/td>\n<\/tr>\n<\/table><\/div><\/div><\/div><\/div><\/div>","protected":false},"excerpt":{"rendered":"<p>Entra\u00eeneur : Fay\u00e7al Entra\u00eenements : Voir tableau des entra\u00eenements \u00a0 Championnat : Calendrier\/R\u00e9sultats complets<\/p>\n","protected":false},"author":2,"featured_media":0,"parent":16,"menu_order":3,"comment_status":"closed","ping_status":"closed","template":"","meta":{"footnotes":""},"_links":{"self":[{"href":"https:\/\/cvf-volleyball.fr\/index.php\/wp-json\/wp\/v2\/pages\/2071"}],"collection":[{"href":"https:\/\/cvf-volleyball.fr\/index.php\/wp-json\/wp\/v2\/pages"}],"about":[{"href":"https:\/\/cvf-volleyball.fr\/index.php\/wp-json\/wp\/v2\/types\/page"}],"author":[{"embeddable":true,"href":"https:\/\/cvf-volleyball.fr\/index.php\/wp-json\/wp\/v2\/users\/2"}],"replies":[{"embeddable":true,"href":"https:\/\/cvf-volleyball.fr\/index.php\/wp-json\/wp\/v2\/comments?post=2071"}],"version-history":[{"count":5,"href":"https:\/\/cvf-volleyball.fr\/index.php\/wp-json\/wp\/v2\/pages\/2071\/revisions"}],"predecessor-version":[{"id":2076,"href":"https:\/\/cvf-volleyball.fr\/index.php\/wp-json\/wp\/v2\/pages\/2071\/revisions\/2076"}],"up":[{"embeddable":true,"href":"https:\/\/cvf-volleyball.fr\/index.php\/wp-json\/wp\/v2\/pages\/16"}],"wp:attachment":[{"href":"https:\/\/cvf-volleyball.fr\/index.php\/wp-json\/wp\/v2\/media?parent=2071"}],"curies":[{"name":"wp","href":"https:\/\/api.w.org\/{rel}","templated":true}]}}